ainder when q is divided by 9.
8
Let c(m) = -4*m - 15. Suppose -12 = 7*p + 23. Calculate the remainder when c(p) is divided by 4.
1
Suppose -4*j + 0*j = 5*m - 149, m = 3*j - 88. What is the remainder when 340 is divided by j?
30
Let o = 28 + -93. Let w = -6 - o. What is the remainder when w is divided by 15?
14
Let h(z) = 5*z**2 - 5*z + 2. Let s be h(3). What is the remainder when 33 is divided by s/6 + (-9)/27?
3
Let r(i) be the second derivative of i**3/6 + i**2/2 - 6*i. Let n be r(1). What is the remainder when 4 is divided by (2/6)/(n/12)?
0
Let m = 489 + -381. Calculate the remainder when m is divided by 55.
53
Let c(z) = -z**3 + 4*z**2 + 3*z. Calculate the remainder when c(-2) is divided by (-24)/(-28)*(-7)/(-2).
0
Suppose w = -4 + 9. Calculate the remainder when 15 is divided by w.
0
Suppose 0 = -12*x + 14*x - 50. Calculate the remainder when x is divided by 9.
7
Suppose 0 = 4*v + 2*m + 2*m - 104, -5*v = m - 130. Let l = v - 15. Calculate the remainder when (10/(-3))/(0 + (-3)/27) is divided by l.
8
Let z(l) = -l - 3. Let t = -3 + -3. Let x = 905 + -897. Calculate the remainder when x is divided by z(t).
2
Let v = 168 + -86. Let y = 7 - 4. Suppose 60 = 2*r + y*r. What is the remainder when v is divided by r?
10
Let v = 876 - 327. Suppose -14*j = -v - 165. Calculate the remainder when j is divided by 14.
9
Let u(z) = -6*z - 4. Let d(j) = j**2 + 11*j - 49. Calculate the remainder when d(-17) is divided by u(-3).
11
Suppose 0 = 5*k - 4*h - 581, 5*h = 3*k - 494 + 148. Suppose -2*g = -5*s + 228 - 18, 4*g = 2*s - 100. What is the remainder when k is divided by s?
37
Suppose -l = 53 - 16. Let x = 49 + l. Calculate the remainder when 47 is divided by x.
11
Suppose 7*o = -0*o + 35. Suppose -5*b + 4*k + 34 = 0, o*k + 23 = b + 2*b. Calculate the remainder when b is divided by 2.
0
Let x be (-5)/(-2)*(5 + (-12)/4). Suppose 0 = -5*o + l + 98, -50 = -2*o - o + x*l. What is the remainder when o is divided by 3?
2
Let t(m) be the second derivative of -3*m**3/2 + 3*m. Let w be t(-4). Suppose -4*r + w = -156. Calculate the remainder when r is divided by 17.
14
Let k(d) = -d**2 + 11*d - 10. Suppose -4*s + 64 = 4*s. Calculate the remainder when 39 is divided by k(s).
11
Suppose -3*j - 293 = -5*m, -44*m - j = -41*m - 173. Calculate the remainder when 130 is divided by m.
14
Suppose -23*z = -5784 - 1231. Calculate the remainder when z is divided by 63.
53
Let z = -1186 - -1218. Calculate the remainder when 121 is divided by z.
25
Let z(q) = 10*q**3 - 8*q**2 + 2*q. What is the remainder when 178 is divided by z(2)?
22
Suppose 390*v - 378*v - 744 = 0. Calculate the remainder when 428 is divided by v.
56
Let s = -73 - -144. Let f(j) = -144*j + 1311. Calculate the remainder when s is divided by f(9).
11
Suppose 9*p - 4*p - 15 = 0. Calculate the remainder when p is divided by 3.
0
What is the remainder when 10 is divided by ((-40)/50)/(1/(-5))?
2
Let q be (-34)/(8/24 - (-14)/(-6)). Let t = 24 - q. Calculate the remainder when 33 is divided by t.
5
Let j(k) = 6*k**2 + k. Let y(p) be the first derivative of 5*p**2/2 + 7*p + 11. Calculate the remainder when y(7) is divided by j(-2).
20
Let l = -2880 + 3383. Calculate the remainder when l is divided by 21.
20
Let p(m) = -m**2 + 26*m - 37. What is the remainder when p(16) is divided by -2*1*(-15 + -1)?
27
Suppose -y = -5*y. Let a = 29 - y. Calculate the remainder when a is divided by 8.
5
What is the remainder when -148*((84/8)/(-3) - -3) is divided by 30?
14
Suppose -3*c + 38 - 2 = 3*p, p + 48 = 4*c. Suppose 2*w + 12*w + 84 = 0. What is the remainder when (w/4)/(27/(-18))*47 is divided by c?
11
Suppose -67 = 29*v - 30*v. Calculate the remainder when v is divided by 24.
19
Let y(z) = -2*z - 5. Let p(s) = -s**3 - 8*s**2 - 8*s - 10. Let u be p(-7). Let h be y(u). Calculate the remainder when (-1)/(120/124 - h) is divided by 8.
7
Suppose 0 = 2*d + 22 - 80. Let w = -12 + d. Calculate the remainder when 59 is divided by -2*1 + w/1.
14
Let h = 30 - -36. Calculate the remainder when h is divided by 14.
10
Let z = 108 + -106. Suppose -7*c - 31 = -10*c + 4*o, -z*c + 18 = -4*o. What is the remainder when c is divided by 7?
6
Let j = 2522 + -2357. Calculate the remainder when j is divided by 37.
17
Suppose -2*d - 2 = -3*p + 6*p, 2*d + p - 6 = 0. Suppose -d*g + 405 = 95. What is the remainder when g*((-12)/(-8) - 1) is divided by 17?
14
Suppose 0 = -m - f + 4, -2*m - 5*f + 19 = -4. Calculate the remainder when (168/8)/(m/(-3)) is divided by 13.
11
What is the remainder when 194 + (4 + -2)*-2 is divided by 15?
10
Suppose 2*w = 5*l + 338, -10*l = -5*w - 8*l + 803. Calculate the remainder when w is divided by 16.
15
Suppose -u - 45 = -6*u. What is the remainder when 8*((-385)/10)/(-7) is divided by u?
8
Suppose 5*j = 4*a - 9 + 48, -4*j = a - 48. Let h(v) be the second derivative of -v**3/6 + 6*v**2 - 137*v. Calculate the remainder when 1 is divided by h(j).
0
Let h be (1 + -9)/((-1)/((-6)/12)). Let o(x) = -x**3 - 2*x**2 + 5*x - 6. Calculate the remainder when 9 is divided by o(h).
3
Suppose 180 - 144 = 9*a. Calculate the remainder when 55 is divided by a.
3
Suppose 3*u - 243 = 222. Suppose 9*w = 4*w + u. What is the remainder when 56 is divided by w?
25
Suppose -3*s = -5*d - 31, 8*s - 3 = 7*s - 2*d. Calculate the remainder when s is divided by 7.
0
Let q be 43/(1 - 0/(-5 + 4)). Suppose q = 2*r - 5*i, -r + 26 = -0*r - 4*i. What is the remainder when 27 is divided by r?
13
Let a(l) = 2*l**3 + 14*l**2 + 3*l + 6. Let r be a(-6). Let v = r - 21. Calculate the remainder when v is divided by 7.
4
Suppose -b = -5*n + 79, -5*b - 81 + 16 = -3*n. Calculate the remainder when 314 is divided by n.
14
Suppose -3*i - 4*t + 159 = 0, 7*i - 212 = 3*i - 5*t. Suppose -4*s = 13 - i. Calculate the remainder when 85/3 + 1/(-3) is divided by s.
8
Let c(n) = -n**3 + 5*n - 7. Calculate the remainder when c(-5) is divided by 20.
13
Suppose 5*t - 60 = 5*s, -5*s = -0*t + 2*t - 52. Suppose -j + 3*j = 72. What is the remainder when j is divided by t?
4
Let b(n) = 10*n - 33. Calculate the remainder when 26 is divided by b(4).
5
Suppose a + 0*l = -2*l + 192, 4*l = 4*a - 744. What is the remainder when 377 is divided by a?
1
Suppose x + 6 + 0 = 0. Calculate the remainder when (9/(-6) + 0)*-20 is divided by (x - -18) + (1 - 5).
6
Suppose 3*g + j - 14 = 0, -g + 0*g - 4*j = -12. Let i be (-4)/(-4) + 5*g. Let x = i - 11. What is the remainder when 38 is divided by x?
8
Suppose p + 50*a - 31 = 53*a, 0 = 3*a - 6. Calculate the remainder when 45 is divided by p.
8
Let u(z) = -4*z - 3. Calculate the remainder when (210/(-18))/(2/(-6)) is divided by u(-3).
8
Suppose -6*b = -2*b - n - 143, -4*n - 176 = -5*b. Suppose -s = s - b. Calculate the remainder when s is divided by 7.
4
Let s(k) be the second derivative of -k**3/6 - k**2 - 10*k. Let i = -7 - -17. Calculate the remainder when i is divided by s(-8).
4
Suppose 5*p - 2*h - 60 = p, p + 3 = 5*h. What is the remainder when 47 is divided by p?
13
Suppose -2*y + 345 = 3*y. What is the remainder when y is divided by (-4 - (-196)/21)*(-9)/(-2)?
21
Let u = 86 + -68. Let m = 54 - u. What is the remainder when 102 is divided by m?
30
Suppose -91*n = -18*n - 5402. What is the remainder when n is divided by 27?
20
Let m = 100 + -102. Let w(g) = -4*g**3 - 1. What is the remainder when w(m) is divided by 21?
10
Suppose -4*w + 10 + 2 = 0. Let g(y) = 4*y**2 - 3*y - 1. Let s be g(3). Suppose j - s = -w. Calculate the remainder when j is divided by 12.
11
Let o = 37 - 22. Suppose -20 = 4*i, 740 = -5*w - 2*i + 4*i. Let n = -91 - w. What is the remainder when n is divided by o?
14
Let n(q) = -2*q**3 - 3*q**2 + q + 2. Let t be n(-2). Suppose -s + 36 = 3*s. Calculate the remainder when (24 - 7)/(2/t) is divided by s.
7
Suppose -3*v - 32 = -182. What is the remainder when 145 is divided by v?
45
Suppose 296 = -3*f + 11*f. Let w = -7 + f. What is the remainder when w is divided by 16?
14
Let b be -2 + -8 - (-9)/3. Let m be 10/35 - 68/b. Let y = m - 4. What is the remainder when 10 is divided by y?
4
Calculate the remainder when (7/4)/(552/544 + -1) is divided by (-12)/(-18) + 43/3.
14
Calculate the remainder when (-19)/((-190)/(-60)) - -408 is divided by 84.
66
Suppose 22*a = 24*a - 154. Let u(m) = m**2 + 7*m + 3. What is the remainder when 